 factors of m?
2
Suppose 355 = 3*g + f, 0*g + f + 478 = 4*g. Suppose 2*d - i = 5*d - g, 5*d - 205 = 5*i. What are the prime factors of (-2)/5 - (-336)/d?
2
Let q be (-53)/(-11) - 6/(-33). Suppose q*g = -20 + 110. What are the prime factors of g?
2, 3
Let b be 2/(-3) - 116/(-12). Let u be b/6 + (-1)/(-2). Suppose 4*o - 5*q = 2, -o - 3*q - u*q = -13. List the prime factors of o.
3
Suppose -4*c - 3*r + 33 + 2 = 0, 27 = 3*c + 3*r. Let l = c - -7. List the prime factors of l.
3, 5
Let b(h) = 3*h**2 + 2*h - 1. Let c be b(-2). Let v(f) = -f**2 + 10*f - 2*f + 3 + 1. List the prime factors of v(c).
11
Suppose 4*v + i - 25 = 0, -5*v + 3*i = -2*i - 25. Suppose -4*l + 6 = -v. Suppose -w = l*w - 36. List the prime factors of w.
3
Let i be (12/(-15))/((-2)/5). Let w be 46*1/i - -1. Suppose 5*z - 3*z = w. List the prime factors of z.
2, 3
Suppose 0 = -5*p + 3*p + 36. What are the prime factors of p?
2, 3
Suppose -4 = a, 10*a - 5*a + 15 = -v. Suppose 4 = -4*f + 4*g, 3*g + 4 + 1 = v*f. List the prime factors of f.
2
Let j(v) = -v**2 + v - 22. Let p be j(0). Let i = p + 16. List the prime factors of (4/i)/((-4)/30).
5
Suppose 0 = -2*r - 3*r - 2*u + 20, -5*r + 3*u + 45 = 0. Suppose q - r = -5*x, q - 3*x = -2*x + 6. List the prime factors of q.
2, 3
Let d be (4 - 2) + 44 + 4. Let x = -11 + 15. Suppose -w - x*w = -d. What are the prime factors of w?
2, 5
What are the prime factors of (-2)/(-1)*(-5 + 3) + 89?
5, 17
Let z be (-3 - -1)/(4/(-46)). Suppose -i - 4*x = -z - 4, -3 = -x. What are the prime factors of i?
3, 5
Let f be (-138)/15 + 3/15. Let p = 15 + f. What are the prime factors of p?
2, 3
Let g(b) = -b**3 - 9*b**2 - b + 1. Let u be (-12)/2 - (-2 - -5). List the prime factors of g(u).
2, 5
Let r(i) = i**3 + 5*i**2 - 7*i - 6. Let n be r(-6). Suppose n = 5*c + 15, -3*w + 27 = 3*c - 4*c. Let p = 20 - w. What are the prime factors of p?
2, 3
Let c = -6 - -14. Suppose -c = -4*b - 3*u, -b + u = b - 4. List the prime factors of b.
2
Let l(u) = u**2 + 6*u + 6. List the prime factors of l(-9).
3, 11
Let w(s) = -399*s**3 - 3*s**2 - 3*s + 1. List the prime factors of w(-1).
2, 5
Suppose 0 = 5*z - 10*z + 460. What are the prime factors of z?
2, 23
Let f(p) = -p**3 + 3*p**2 - p + 1. Let c be f(3). Let t = -9 - -11. Let b = t - c. What are the prime factors of b?
2
Let t = 40 + 13. List the prime factors of t.
53
Let o = -4 + 7. Suppose -5*s - 17 = -3*z - 3*s, o*z - 25 = 4*s. Suppose -l = 1 - z. What are the prime factors of l?
2
Let i(h) = h - 2*h - 3*h**3 - 1 - h**2 - 10*h**3. Let l be i(-1). Suppose 3*x + x = l. What are the prime factors of x?
3
Suppose q = 2*q + 1. Let u be (0 - q - 3) + 4. Suppose -u*o = -6*o + 32. List the prime factors of o.
2
Suppose 5*r - h = 6*r - 12, 4*r + 3*h - 46 = 0. Suppose -f - 2*f = 0. Suppose x = -f*x + r. List the prime factors of x.
2, 5
List the prime factors of -1 + -3 + (-59)/(-1).
5, 11
Suppose 0 = -10*b + 5*b - 20, 5*b - 1 = 3*i. Let t be 3 - ((-1)/(-1) - 8). Let d = t + i. List the prime factors of d.
3
Suppose 3*q - 101 = -2*n, 0 = -5*n + 6*n + 5. What are the prime factors of q?
37
Let j be (-5)/(-10) - (-18)/4. Suppose -j*n + 2*n = -3*g + 27, 5 = g + 3*n. What are the prime factors of g?
2
Suppose -2*w = -w - 2. What are the prime factors of w?
2
Suppose 0 = -u + 3 + 1. Let c be (-4)/(3 - -1) - -13. Let b = c + u. What are the prime factors of b?
2
Let w = 2 - -4. Let i = w - 2. What are the prime factors of i?
2
Suppose 9*l = 12*l - 81. What are the prime factors of l?
3
Let q(l) = -6 + 8 + l**2 + 7*l - 2*l**2. Let o be q(7). List the prime factors of o/(-7) + (-258)/(-21).
2, 3
Let x = -7 - -27. Suppose -5 = -5*f + 20, -x = -y - 4*f. Suppose y = -2*r + 2 + 20. What are the prime factors of r?
11
Suppose g - 18 - 24 = 0. What are the prime factors of g?
2, 3, 7
Let t(g) = -10*g - 7. List the prime factors of t(-6).
53
Let a(b) = 5*b - 1. Let m be a(3). Suppose 4*g - 110 = -m. List the prime factors of g.
2, 3
Suppose -3*p + 5*k + 14 = 4*k, 5*p + 3*k = 0. Suppose -x - 3*x + 16 = 4*a, p*a + x - 8 = 0. Suppose a + 16 = 3*m. List the prime factors of m.
2, 3
Suppose 0 = 3*y + 1 - 19. Let k = 14 - y. List the prime factors of k.
2
List the prime factors of 234/10 + (-14)/35.
23
Let v be (-2 - (-9)/12)*-8. Suppose -4 = -4*a - f, 2 = 4*a - 2*f + v. Suppose -4*i = m - a*m - 49, 1 = i + 4*m. What are the prime factors of i?
13
Let w = 7 + -5. Suppose 2*i = j + 5*i - w, -5*j + 46 = -3*i. What are the prime factors of j?
2
Let u(i) be the second derivative of i + i**2 + 5/6*i**3 + 0 + 1/12*i**4. List the prime factors of u(-6).
2
Suppose -3*n - 5*u + 49 = 0, -2 = 5*n + 4*u - 88. List the prime factors of n.
2, 3
Suppose 0 = 3*l - 1 - 5. Suppose -l*m = 3*m - 25. List the prime factors of m.
5
Let u(w) = -w**3 - 7*w**2 - w - 1. Suppose 3*f = 8 + 4. Suppose -18 = f*o + 10. List the prime factors of u(o).
2, 3
Let q(k) = -3 - 3*k**2 - k**3 + 3 - 1 - 2*k. Let r be q(-3). Suppose r*h - 42 = 28. List the prime factors of h.
2, 7
Suppose -c - 16 = -4*h - 2*c, -5*h + 3*c = -20. Suppose 0 = 4*j + 3*n - 63, -59 = -h*j - 0*n + n. List the prime factors of j.
3, 5
Let d(l) = -l**3 + 1. Let w(k) = -k**3 - 2*k**2 - k - 5. Let r(n) = 5*d(n) + w(n). List the prime factors of r(-1).
5
List the prime factors of 14/(-91) - (-1018)/26.
3, 13
List the prime factors of (66/4)/((-7)/(-14)).
3, 11
Let a(u) be the second derivative of 0 - u - 1/2*u**3 + 1/2*u**2. What are the prime factors of a(-1)?
2
Suppose -2*g - c = 33, -g + 2*c - 9 = 10. Let q = g - -61. List the prime factors of q.
2, 11
Suppose a + 2*a + 118 = 2*r, r - 5*a - 73 = 0. List the prime factors of r.
53
What are the prime factors of (-25 + 0)/(10/(-10))?
5
List the prime factors of 48/(1*(-3 + 4)).
2, 3
Let m be 1/2*2/(-1). Let g be (4 + m)/(12/8). Suppose -g*q + 8 = 5*k - 7, 5*q = 4*k + 21. What are the prime factors of q?
5
Suppose -3*t + 3*a + 15 = 2*t, 50 = 5*t + 4*a. What are the prime factors of 6/5*20/t?
2
Suppose 0 = -2*c + 3*c - 4. Suppose -13 = c*z - 5*z. List the prime factors of z.
13
Let z = 134 - 100. List the prime factors of z.
2, 17
Let d = -41 - -99. What are the prime factors of d?
2, 29
Let w = 16 + -24. Let p = w - -21. What are the prime factors of p?
13
Let b(n) = -n**3 + 3*n**2 + 7*n + 1. Let f(k) = k**3 + 9*k**2 - 10*k - 3. Let c be f(-10). List the prime factors of b(c).
2, 17
What are the prime factors of 222/8 - (34/(-8) + 4)?
2, 7
Suppose 4*b - 1 = 3. Let x = 1 + b. Suppose -9 = -x*g + g. What are the prime factors of g?
3
Let i(t) = -t**3 + 5*t - 3. What are the prime factors of i(-4)?
41
Let y = 208 - 110. What are the prime factors of y?
2, 7
Suppose 4*l - 5*m - 369 = 206, -m = l - 146. List the prime factors of l.
5, 29
Suppose -5*n = 4*o - 191, 5*o - 263 = -n - 19. What are the prime factors of o?
7
Let q be 0 - -1 - (7 - 50). Let k = q + -14. Suppose -c = -4*c + k. List the prime factors of c.
2, 5
Let g = -2 + 4. Let b be (-3)/(5/20 - 1). Suppose 4*l + 6*k = g*k + b, -4*l + k + 9 = 0. List the prime factors of l.
2
Let y(g) = -g**3 + 5*g**2 + g + 5. What are the prime factors of y(5)?
2, 5
Suppose 14*o = 20*o - 510. List the prime factors of o.
5, 17
Suppose -4*i + 296 = z, z = 4*i - 0*z - 288. List the prime factors of i.
73
Suppose -1441 = -16*b + 5*b. What are the prime factors of b?
131
Let k be 27/(-6)*(-1 - 1). What are the prime factors of k - 2*3/(-3)?
11
What are the prime factors of 109/4 - (-21)/28?
2, 7
Let j(z) = z - 7. Let m be j(5). What are the prime factors of m*2*(-1)/2?
2
Let o(k) be the first derivative of k**4/4 + 7*k**3/3 + k**2 + 3*k + 9. What are the prime factors of o(-3)?
3, 11
Let g(x) = x**2 - 2*x**2 + 0*x**2 - x**3 - 1 - 1 - x. Let s be g(-2). Let b = -2 + s. List the prime factors of b.
2
Let a = -54 + 123. List the prime factors of a.
3, 23
Let f(s) = -6*s - 6. List the prime factors of f(-9).
2, 3
Suppose -x + 3 = -2. Suppose 4*o - x*y - 7 = 5, -15 = -5*o - y. What are the prime factors of o?
3
Let o be 1*0/(0 - 3). Suppose 2*i - 4 = -o. Suppose -64 = -2*a - i*a. What are the prime factors of a?
2
Suppose -44 = -4*b - 4*c - 0*c, 2*b + c = 19. What are the prime factors of b?
2
Let i = 554 - 232. What are the prime factors of i?
2, 7, 23
Let s be 1 + 4 + 8/(-4). Suppose 5 = -w, -5*x + w + 50 = s*w. List the prime factors o